he remainder when 38 is divided by 2/(-12) - 395/(-30).
12
Suppose -c + 0*c + 14 = 0. Let f = 1 - -7. What is the remainder when 0 + c - (-3 + 3) is divided by f?
6
Suppose u - 38 + 4 = -h, 0 = 2*u + 5*h - 83. Let m = -87 + 142. What is the remainder when m is divided by u?
26
Calculate the remainder when 55 is divided by (-1)/3 - (-352)/12.
26
Let o(g) = g**3 - 6*g**2 + 5*g. Let m = -24 + 30. Calculate the remainder when 59 is divided by o(m).
29
Let p(i) = i**3 + 4*i**2 - 8*i - 4. Suppose 0 = -5*k + 2*k, 0 = 5*u - 5*k - 25. Suppose 0 = -u*b - 15 - 10. What is the remainder when 31 is divided by p(b)?
9
Let u = 12 + 3. Let a = u + -1. Calculate the remainder when 39 is divided by a.
11
Let b(l) = 31*l + 1. Suppose 3*o - 23 = t, -o + 5*t + 23 = 6. Let h = o - -4. Calculate the remainder when b(1) is divided by h.
10
Let q = 3 + 3. Calculate the remainder when 27 is divided by q.
3
Let z(f) = -13*f. Let t = -16 - -43. What is the remainder when z(-4) is divided by t?
25
Suppose -5*p + 46 = -24. Suppose 2*r - 16 = 3*j - j, -5*r - 10 = 5*j. Suppose -r*u = -p - 4. What is the remainder when 11 is divided by u?
5
Let t = -27 - -41. Calculate the remainder when 27 is divided by t.
13
Suppose -3*m + 2*m + 13 = 0. What is the remainder when 24 is divided by m?
11
Let i(w) = -w**2 + 1. Let o be i(2). Let l = 3 - o. Calculate the remainder when l is divided by 4.
2
Let i(m) be the third derivative of 1/6*m**3 + 2*m**2 + 1/24*m**4 + 0*m + 23/60*m**5 + 0. What is the remainder when i(-1) is divided by 8?
7
Suppose 3*f = -f + 24. Suppose 7*z - f = 4*z. Suppose 3*p - z*p - 9 = 0. What is the remainder when 26 is divided by p?
8
Let i(u) = -u + 1. Let k be i(-5). Let s be 0 + (0 - 0) + -1. Let w = s + k. Calculate the remainder when 8 is divided by w.
3
Let q(j) be the third derivative of -25*j**4/24 + 2*j**2. Calculate the remainder when q(-2) is divided by 13.
11
Suppose -2*n = k - 57 - 42, 247 = 5*n + 2*k. Let s = -10 - -23. What is the remainder when n is divided by s?
10
Let y = -2 + 0. Let q be (-1)/(15/(-6) - y). Suppose -2*h = -0*b + q*b, -5*h - 18 = -4*b. What is the remainder when 3 is divided by b?
1
Suppose -44 = -2*u + 38. Suppose 0 = -0*k - k + u. Let l = -17 + 38. What is the remainder when k is divided by l?
20
Suppose -4*a + 64 = 2*w, 0*a - 110 = -4*w + a. Calculate the remainder when w is divided by 10.
8
Let r = -5 + 10. Calculate the remainder when (-2)/(-6)*-8*144/(-32) is divided by r.
2
Let w be (2/3)/(2/(-6)). Let o = w + 38. Let d = o - 18. Calculate the remainder when d is divided by 10.
8
Let l(h) be the third derivative of -h**5/60 + 3*h**4/4 + 3*h**3/2 + 4*h**2. Calculate the remainder when l(8) is divided by 23.
20
Suppose -115 = -4*c + 93. Let u(l) = 5*l - 7. What is the remainder when c is divided by u(5)?
16
Suppose -4*w + 55 = -25. Suppose 0*q + w = 5*q. Let k = 0 + q. What is the remainder when 10 is divided by k?
2
Let g(n) = 0*n - 3 - n + 4*n. Let z be g(2). Suppose 2*p + 20 = 5*q + z*p, 3*q - p = 20. Calculate the remainder when 14 is divided by q.
4
Let i(t) = t**3 + 5*t**2 - 2*t - 3. Let b be i(-5). Let u = -2 + b. Let l = 14 - u. What is the remainder when 17 is divided by l?
8
Suppose 0 = 2*c - 0 - 2. Let g be ((-3 - -3) + 20)/c. What is the remainder when 29 is divided by (g/3)/(2/3)?
9
Let y = 3 - -9. What is the remainder when 38 is divided by y?
2
Let v(c) = c**3 + c**2 - 2*c - 1. Calculate the remainder when v(2) is divided by 10 - 3 - 4/2.
2
Suppose 2*l = -2*s + 44, -2*l - 60 = s - 3*s. What is the remainder when 49 is divided by s?
23
Let z(s) = s**3 + 8*s**2 - 11*s + 1. What is the remainder when z(-9) is divided by 5?
4
Suppose -7*m + 6*m = 0, -4*a + 220 = -2*m. What is the remainder when a is divided by 30?
25
Let b(h) = 39*h - 1. Calculate the remainder when b(1) is divided by 13.
12
Suppose 29 - 69 = -4*a. Suppose -3*d = -4*d + z + 27, -z = 3*d - 89. Calculate the remainder when d is divided by a.
9
Let o(j) = 13*j - 1. Calculate the remainder when 124 is divided by o(2).
24
Let y(n) = 8*n - 5. Calculate the remainder when y(6) is divided by 11.
10
Suppose 5*z = h + 3*h - 76, 0 = 2*h + 5*z - 38. Calculate the remainder when 74 is divided by h.
17
Suppose 21 = 3*a - 15. Calculate the remainder when 21 is divided by a.
9
Suppose 0 = 5*x - 80 - 185. Let g = 7 - -7. What is the remainder when x is divided by g?
11
Let r(i) = 11*i**3 + 2*i**2 - 1. What is the remainder when 1/5 + 218/10 is divided by r(1)?
10
Suppose 0 = z - 65 + 7. Calculate the remainder when z is divided by 20.
18
Let d = -4 + 8. Let a = d + -2. Calculate the remainder when 30/2 - 1*a is divided by 4.
1
Suppose 7*i - 16 = 6*i. Calculate the remainder when 30 is divided by i.
14
Suppose d = 4*d - 87. What is the remainder when d is divided by 11?
7
What is the remainder when 513/4 - 2/8 - -2 is divided by 17?
11
Let u(n) be the third derivative of 0 - 7/30*n**5 - 1/6*n**3 + 2*n**2 + 1/120*n**6 + 0*n + 7/12*n**4. What is the remainder when 33 is divided by u(13)?
9
Suppose 3*c + 3 = 21. What is the remainder when c is divided by 5?
1
What is the remainder when (-2 - -2)*-1 - -3 is divided by 1?
0
Suppose 106 = -3*r - 4*s, -2*r + 11 - 89 = -s. Let q = 12 - r. What is the remainder when q is divided by 17?
16
Let x(y) = 4*y - 8. Let i be x(5). Let a(h) = -h**2 + 13*h + 9. What is the remainder when a(i) is divided by 11?
10
Suppose -4*v + 22 = 2. Suppose s = 18 - v. Calculate the remainder when s is divided by 7.
6
Let m(y) = -2*y + 6. Let d be m(6). Suppose -76 = -5*l - 2*a, 3*a = -2*l + 3*l - 5. Let g = d + l. Calculate the remainder when g is divided by 5.
3
What is the remainder when (0 + -5)/(5/(-30)) is divided by 8?
6
Let z = 154 - 131. Calculate the remainder when 68 is divided by z.
22
Let f = -2 - -20. What is the remainder when f is divided by 10?
8
Let u = 1 - -2. Suppose 5*l - u*d - 20 = 0, -4*l + 2*d + 48 = 6*d. What is the remainder when 27 is divided by l?
6
Let g(q) = q + 10. Let t = -3 + 3. Suppose 5*m + 70 = 5*s, 0 = s + 4*s - m - 86. What is the remainder when s is divided by g(t)?
8
Let s be ((-5)/5)/(-1 + 2). What is the remainder when 2 is divided by 0 - (s*3 + 2)?
0
Calculate the remainder when 215 is divided by (-1386)/(-44)*(-12)/(-7).
53
Let c(d) = d**3 + 4*d**2 - 3*d - 6. Let w be c(-4). Suppose -w*q + 5*q = -2*a - 39, -a = q - 33. Calculate the remainder when q is divided by 12.
11
Let q be 1*-8*(-2)/4. What is the remainder when q + -2 - -33 - -3 is divided by 13?
12
Let v(p) = 0*p**3 + 2*p + p**3 - 1 - 2*p**3 - 4*p**2. Calculate the remainder when 25 is divided by v(-5).
11
Let p = 0 - -3. Let v = -72 + 75. Calculate the remainder when p is divided by v.
0
What is the remainder when 113 is divided by (-2)/6*3 + 30?
26
Suppose 0 = 5*j - 5, -2*q + 3*q - 4*j - 22 = 0. What is the remainder when 75 is divided by q?
23
Let z be (0 + 1)/((-6)/(-18)). Suppose -z*n + 4*n = 63. What is the remainder when n is divided by 22?
19
Suppose 2*d = -0*y + y + 8, 4*y = d + 3. What is the remainder when 17 is divided by d?
2
Calculate the remainder when ((-9)/36)/(((-2)/(-184))/(-1)) is divided by 12.
11
Suppose 3*r - 74 + 11 = 0. What is the remainder when 41 is divided by r?
20
Let n = 17 - 10. Suppose 0*l = -b + 3*l + 75, -2*l = b - 55. Let q = -43 + b. What is the remainder when q is divided by n?
6
Suppose 14*c + 40 = 19*c. Calculate the remainder when 69 is divided by c.
5
Let w = 7 + -2. Suppose -l + 38 = l + 2*v, -20 = w*v. Calculate the remainder when 45 is divided by l.
22
Suppose -7*x = -x - 24. What is the remainder when ((-12)/10)/((-2)/10) is divided by x?
2
Let h(d) be the first derivative of d**4/4 + 2*d**3 - d**2 + d - 2. Suppose 0 = -3*r - 19 + 1. Calculate the remainder when 25 is divided by h(r).
12
Let g = -53 + 87. Calculate the remainder when 64 is divided by g.
30
Suppose 1 = 3*b - 14. Let i(v) = 3*v + 7. Calculate the remainder when i(b) is divided by (-7)/(-1) - (-1 + 0).
6
Let n(y) = 2*y**2 + 3*y + 7. Calculate the remainder when n(4) is divided by 13.
12
Let b(w) = 3*w - 12. Let x be b(6). Calculate the remainder when (9/x)/((-12)/(-40)) is divided by (-1)/((2/(-3))/2).
2
Let s(j) = j + 3. Suppose 0 = 3*q - 28 - 44. What is the remainder when q is divided by s(10)?
11
Let q(i) = i + 2. What is the re